{"id":129,"date":"2025-07-08T22:51:20","date_gmt":"2025-07-08T22:51:20","guid":{"rendered":"https:\/\/sciagapao.com\/?page_id=129"},"modified":"2025-07-09T07:09:16","modified_gmt":"2025-07-09T07:09:16","slug":"conseil-et-gestion-patrimoniale-et-fiscale","status":"publish","type":"page","link":"https:\/\/sciagapao.com\/?page_id=129","title":{"rendered":"CONSEIL ET GESTION PATRIMONIALE ET FISCALE"},"content":{"rendered":"\t\t<div data-elementor-type=\"wp-page\" data-elementor-id=\"129\" class=\"elementor elementor-129\">\n\t\t\t\t<div class=\"elementor-element elementor-element-f5033fb e-flex e-con-boxed e-con e-parent\" data-id=\"f5033fb\" data-element_type=\"container\" data-settings=\"{&quot;background_background&quot;:&quot;classic&quot;}\">\n\t\t\t\t\t<div class=\"e-con-inner\">\n\t\t\t\t<div class=\"elementor-element elementor-element-f09b864 elementor-align-center elementor-widget elementor-widget-button\" data-id=\"f09b864\" data-element_type=\"widget\" data-widget_type=\"button.default\">\n\t\t\t\t\t\t\t\t\t\t<a class=\"elementor-button elementor-button-link elementor-size-sm\" href=\"https:\/\/sciagapao.com\/\">\n\t\t\t\t\t\t<span class=\"elementor-button-content-wrapper\">\n\t\t\t\t\t\t\t\t\t<span class=\"elementor-button-text\">RETOUR A L'ACCUEIL<\/span>\n\t\t\t\t\t<\/span>\n\t\t\t\t\t<\/a>\n\t\t\t\t\t\t\t\t<\/div>\n\t\t\t\t<div class=\"elementor-element elementor-element-7bbed52 elementor-widget elementor-widget-heading\" data-id=\"7bbed52\" data-element_type=\"widget\" data-widget_type=\"heading.default\">\n\t\t\t\t\t<h2 class=\"elementor-heading-title elementor-size-default\">CONSEIL ET GESTION PATRIMONIALE ET FISCALE\n<\/h2>\t\t\t\t<\/div>\n\t\t\t\t\t<\/div>\n\t\t\t\t<\/div>\n\t\t<div class=\"elementor-element elementor-element-948df08 e-flex e-con-boxed e-con e-parent\" data-id=\"948df08\" data-element_type=\"container\" data-settings=\"{&quot;background_background&quot;:&quot;classic&quot;}\">\n\t\t\t\t\t<div class=\"e-con-inner\">\n\t\t\t\t<div class=\"elementor-element elementor-element-629dfe8 elementor-widget elementor-widget-text-editor\" data-id=\"629dfe8\" data-element_type=\"widget\" data-widget_type=\"text-editor.default\">\n\t\t\t\t\t\t\t\t\t<p>Le conseil en gestion patrimoniale et fiscale consiste \u00e0 accompagner les particuliers et les entreprises dans la gestion et la valorisation de leur patrimoine, en tenant compte de leurs objectifs sp\u00e9cifiques et de la l\u00e9gislation fiscale en vigueur. Cela implique une analyse approfondie de la situation du client, l&rsquo;\u00e9laboration d&rsquo;une strat\u00e9gie personnalis\u00e9e et la mise en \u0153uvre de solutions adapt\u00e9es.<\/p><div id=\"simple-translate\" class=\"simple-translate-system-theme\"><div><div class=\"simple-translate-button isShow\" style=\"background-image: url('moz-extension:\/\/c85cf034-4b4e-4ad0-adf0-3501edf84306\/icons\/512.png'); height: 22px; width: 22px; top: 123px; left: 204px;\">\u00a0<\/div><div class=\"simple-translate-panel \" style=\"width: 300px; height: 200px; top: 0px; left: 0px; font-size: 13px;\"><div class=\"simple-translate-result-wrapper\" style=\"overflow: hidden;\"><div class=\"simple-translate-move\" draggable=\"true\">\u00a0<\/div><div class=\"simple-translate-result-contents\"><p class=\"simple-translate-result\" dir=\"auto\">\u00a0<\/p><p class=\"simple-translate-candidate\" dir=\"auto\">\u00a0<\/p><\/div><\/div><\/div><\/div><\/div>\t\t\t\t\t\t\t\t<\/div>\n\t\t\t\t\t<\/div>\n\t\t\t\t<\/div>\n\t\t<div class=\"elementor-element elementor-element-6d0bd75 e-flex e-con-boxed e-con e-parent\" data-id=\"6d0bd75\" data-element_type=\"container\">\n\t\t\t\t\t<div class=\"e-con-inner\">\n\t\t<div class=\"elementor-element elementor-element-dc0941c e-con-full e-flex e-con e-child\" data-id=\"dc0941c\" data-element_type=\"container\">\n\t\t\t\t<div class=\"elementor-element elementor-element-9fe3f14 elementor-widget elementor-widget-heading\" data-id=\"9fe3f14\" data-element_type=\"widget\" data-widget_type=\"heading.default\">\n\t\t\t\t\t<h2 class=\"elementor-heading-title elementor-size-default\">ANALYSE PATRIMONIALE<\/h2>\t\t\t\t<\/div>\n\t\t\t\t<\/div>\n\t\t<div class=\"elementor-element elementor-element-9d0e33a e-con-full e-flex e-con e-child\" data-id=\"9d0e33a\" data-element_type=\"container\">\n\t\t\t\t<div class=\"elementor-element elementor-element-94bde54 elementor-widget elementor-widget-text-editor\" data-id=\"94bde54\" data-element_type=\"widget\" data-widget_type=\"text-editor.default\">\n\t\t\t\t\t\t\t\t\t<p>\u00c9tudier la situation financi\u00e8re, immobili\u00e8re et fiscale du client pour comprendre ses besoins et objectifs.\u00a0<\/p>\t\t\t\t\t\t\t\t<\/div>\n\t\t\t\t<\/div>\n\t\t\t\t\t<\/div>\n\t\t\t\t<\/div>\n\t\t<div class=\"elementor-element elementor-element-6adfb6a e-flex e-con-boxed e-con e-parent\" data-id=\"6adfb6a\" data-element_type=\"container\">\n\t\t\t\t\t<div class=\"e-con-inner\">\n\t\t<div class=\"elementor-element elementor-element-c8678ce e-con-full e-flex e-con e-child\" data-id=\"c8678ce\" data-element_type=\"container\">\n\t\t\t\t<div class=\"elementor-element elementor-element-7516d3a elementor-widget elementor-widget-heading\" data-id=\"7516d3a\" data-element_type=\"widget\" data-widget_type=\"heading.default\">\n\t\t\t\t\t<h2 class=\"elementor-heading-title elementor-size-default\">ELEBORATION DE STRATEGIES<\/h2>\t\t\t\t<\/div>\n\t\t\t\t<\/div>\n\t\t<div class=\"elementor-element elementor-element-3102726 e-con-full e-flex e-con e-child\" data-id=\"3102726\" data-element_type=\"container\">\n\t\t\t\t<div class=\"elementor-element elementor-element-a8614bd elementor-widget elementor-widget-text-editor\" data-id=\"a8614bd\" data-element_type=\"widget\" data-widget_type=\"text-editor.default\">\n\t\t\t\t\t\t\t\t\t<p>D\u00e9finir des plans d&rsquo;action adapt\u00e9s pour optimiser la gestion du patrimoine, la r\u00e9duction d&rsquo;imp\u00f4ts, la pr\u00e9paration de la retraite, etc.\u00a0<\/p>\t\t\t\t\t\t\t\t<\/div>\n\t\t\t\t<\/div>\n\t\t\t\t\t<\/div>\n\t\t\t\t<\/div>\n\t\t<div class=\"elementor-element elementor-element-c471065 e-flex e-con-boxed e-con e-parent\" data-id=\"c471065\" data-element_type=\"container\">\n\t\t\t\t\t<div class=\"e-con-inner\">\n\t\t<div class=\"elementor-element elementor-element-3e9c61d e-con-full e-flex e-con e-child\" data-id=\"3e9c61d\" data-element_type=\"container\">\n\t\t\t\t<div class=\"elementor-element elementor-element-d39eda6 elementor-widget elementor-widget-heading\" data-id=\"d39eda6\" data-element_type=\"widget\" data-widget_type=\"heading.default\">\n\t\t\t\t\t<h2 class=\"elementor-heading-title elementor-size-default\">MISE EN OEUVRE DES SOLUTIONS<\/h2>\t\t\t\t<\/div>\n\t\t\t\t<\/div>\n\t\t<div class=\"elementor-element elementor-element-82786a7 e-con-full e-flex e-con e-child\" data-id=\"82786a7\" data-element_type=\"container\">\n\t\t\t\t<div class=\"elementor-element elementor-element-7f43c09 elementor-widget elementor-widget-text-editor\" data-id=\"7f43c09\" data-element_type=\"widget\" data-widget_type=\"text-editor.default\">\n\t\t\t\t\t\t\t\t\t<p>Impl\u00e9menter les strat\u00e9gies choisies, en utilisant des outils tels que les placements financiers, l&rsquo;immobilier, les assurances-vie, etc.\u00a0<\/p>\t\t\t\t\t\t\t\t<\/div>\n\t\t\t\t<\/div>\n\t\t\t\t\t<\/div>\n\t\t\t\t<\/div>\n\t\t<div class=\"elementor-element elementor-element-8daee64 e-flex e-con-boxed e-con e-parent\" data-id=\"8daee64\" data-element_type=\"container\">\n\t\t\t\t\t<div class=\"e-con-inner\">\n\t\t<div class=\"elementor-element elementor-element-531fc2d e-con-full e-flex e-con e-child\" data-id=\"531fc2d\" data-element_type=\"container\">\n\t\t\t\t<div class=\"elementor-element elementor-element-fc7e882 elementor-widget elementor-widget-heading\" data-id=\"fc7e882\" data-element_type=\"widget\" data-widget_type=\"heading.default\">\n\t\t\t\t\t<h2 class=\"elementor-heading-title elementor-size-default\">ACCOMPAGNEMENT CONTINU<\/h2>\t\t\t\t<\/div>\n\t\t\t\t<\/div>\n\t\t<div class=\"elementor-element elementor-element-4679c7b e-con-full e-flex e-con e-child\" data-id=\"4679c7b\" data-element_type=\"container\">\n\t\t\t\t<div class=\"elementor-element elementor-element-368273b elementor-widget elementor-widget-text-editor\" data-id=\"368273b\" data-element_type=\"widget\" data-widget_type=\"text-editor.default\">\n\t\t\t\t\t\t\t\t\t<p>Suivre l&rsquo;\u00e9volution du patrimoine et adapter les strat\u00e9gies en fonction des changements de situation et de la l\u00e9gislation.\u00a0<\/p>\t\t\t\t\t\t\t\t<\/div>\n\t\t\t\t<\/div>\n\t\t\t\t\t<\/div>\n\t\t\t\t<\/div>\n\t\t\t\t<\/div>\n\t\t","protected":false},"excerpt":{"rendered":"<p>RETOUR A L&rsquo;ACCUEIL CONSEIL ET GESTION PATRIMONIALE ET FISCALE Le conseil en gestion patrimoniale et fiscale consiste \u00e0 accompagner les particuliers et les entreprises dans la gestion et la valorisation de leur patrimoine, en tenant compte de leurs objectifs sp\u00e9cifiques et de la l\u00e9gislation fiscale en vigueur. Cela implique une analyse approfondie de la situation [&hellip;]<\/p>\n","protected":false},"author":1,"featured_media":0,"parent":0,"menu_order":0,"comment_status":"closed","ping_status":"closed","template":"elementor_canvas","meta":{"footnotes":""},"class_list":["post-129","page","type-page","status-publish","hentry"],"_links":{"self":[{"href":"https:\/\/sciagapao.com\/index.php?rest_route=\/wp\/v2\/pages\/129","targetHints":{"allow":["GET"]}}],"collection":[{"href":"https:\/\/sciagapao.com\/index.php?rest_route=\/wp\/v2\/pages"}],"about":[{"href":"https:\/\/sciagapao.com\/index.php?rest_route=\/wp\/v2\/types\/page"}],"author":[{"embeddable":true,"href":"https:\/\/sciagapao.com\/index.php?rest_route=\/wp\/v2\/users\/1"}],"replies":[{"embeddable":true,"href":"https:\/\/sciagapao.com\/index.php?rest_route=%2Fwp%2Fv2%2Fcomments&post=129"}],"version-history":[{"count":10,"href":"https:\/\/sciagapao.com\/index.php?rest_route=\/wp\/v2\/pages\/129\/revisions"}],"predecessor-version":[{"id":233,"href":"https:\/\/sciagapao.com\/index.php?rest_route=\/wp\/v2\/pages\/129\/revisions\/233"}],"wp:attachment":[{"href":"https:\/\/sciagapao.com\/index.php?rest_route=%2Fwp%2Fv2%2Fmedia&parent=129"}],"curies":[{"name":"wp","href":"https:\/\/api.w.org\/{rel}","templated":true}]}}